f = -1 + 17. Let g = -14 + f. Let b(z) be the third derivative of z**5/60 - z**4/24 - z**3/6 - 529*z**2. What is b(g)?
1
Let r(f) = -4*f**2 - 351*f + 426. Let c be r(-89). Let i(l) = -20*l - 369. Give i(c).
11
Let m(b) be the third derivative of b**5/12 + b**4/12 + b**3/6 - 7*b**2 - 2*b. Let c be ((-7)/(-5) - 1)/((-1)/5). Give m(c).
17
Let h(y) = -y**3 - 11*y**2 + 24*y - 19. Let x be h(-13). Let r(z) = 3*z - 15. Calculate r(x).
6
Let b(m) = -2384*m**2 - 69 + 33*m - 77 + 2391*m**2 + 136. What is b(-5)?
0
Let u be -39 - 1/1 - 1. Let w be 9/(-12)*12/18*-94. Let t = u + w. Let v(s) = -s**2 + 8*s - 8. Determine v(t).
4
Let d(i) = -4*i**2 - 2*i + 23. Let j(k) = 5*k**2 + 2*k - 29. Let w(m) = -2*m**2 + 23*m + 108. Let p be w(15). Let c(o) = p*j(o) + 4*d(o). Determine c(-5).
-10
Suppose 5*y + 8*y = 143. Let f(z) = 0*z + 9 - z + 4. Let k be f(y). Let x(i) = -5*i**2 - 3*i + 2. Give x(k).
-24
Let l(a) = a - 4. Suppose k + 3*x + 7 = 0, 5*x = k - 4*k - 9. Suppose 2*y - k*c = 8, 3*y + 3*c - 32 = -2. Calculate l(y).
3
Let w(o) = -o**3 + 2*o**2 + o - 38. Let l be w(0). Let y = -43 - l. Let t(x) = 2 - x - 4*x + 7*x + 0 - 3*x. What is t(y)?
7
Suppose 31*c - 30 = 37*c. Let d be (-3)/c*(9 - 4)*1. Let w(i) = -4*i**2 + 0*i**3 + i**3 + 3*i**2 + 3*i - 4*i**2 - 1. What is w(d)?
-10
Let i(n) = -26*n - 1 + 28*n - n**2 - 3. Suppose 2*c - 25 = -2*s - 23, -2*c + 5 = -s. What is i(c)?
-4
Suppose 0 = 332*w - 322*w. Let c(h) = h**3 - 4*h**2 + 4. Give c(w).
4
Let a be 14*((-4)/9)/((-2)/9). Let x(t) = a*t + 24*t - 9 + 29*t - 82*t. Calculate x(-12).
3
Suppose -5*j + 209 = 4*k, 1 - 56 = -k - 4*j. Suppose 10*s + 9 = -k. Let u(i) = -i**3 - 6*i**2 - 8. Determine u(s).
-8
Let q be 60/(-80) + (-5)/4. Let n(w) = w**3 + 3*w + 2. What is n(q)?
-12
Let o = -112 + -2. Let z = 118 + o. Let m(h) = -h**3 + 4*h**2 - h + 3. Calculate m(z).
-1
Let l(f) = 3*f - 23. Let a(v) be the second derivative of -v**5/10 + 7*v**4/12 + 5*v**3 + 3*v**2 - 65*v. Let y be a(6). Calculate l(y).
-5
Let r(g) = 6*g**3 - g**2 - 4*g + 3. Suppose 5*l + 3*h + 9 = 17, 5*h - 1 = 4*l. What is r(l)?
4
Let h be (-2*(-14)/12)/((-6)/(-18)). Let c(t) = h + 11 - 3 + t**2 - 10 - 9*t. Determine c(6).
-13
Let v(q) be the second derivative of 1/20*q**5 + 9/2*q**2 + 1 - 4/3*q**3 + 22*q - 1/2*q**4. What is v(7)?
2
Let t(c) be the third derivative of -c**5/60 - c**4/6 + 3*c**3/2 - 1469*c**2. Give t(-9).
-36
Let t(j) be the first derivative of j**4/2 - 13*j**3/3 + 3*j**2/2 + 13*j + 68. Let s be t(6). Let l(g) = -5*g + 7. Give l(s).
32
Let t(p) = p**3 + 6*p**2 + 6*p - 3. Let g = 4 + -14. Let w(h) = h**2 + 12*h + 14. Let o be w(g). Let s be (o/(-4))/(3/(-4)) - 3. Determine t(s).
-8
Let u be (-8 - 30/(-12) - -6)*14. Let w(p) = 7*p**2 + 0*p**3 + 2*p + p**3 - 2*p**3 - 3*p + 4. Give w(u).
-3
Let t(y) = 8*y**2 - 81*y + 6. Let j be t(10). Let p(w) = w**2. Let o(f) = -3*f**2 - f. Let x(i) = o(i) + 2*p(i). What is x(j)?
-12
Let c be (4*(-2)/(-7))/(160/560). Let k(y) = y - 8. Let p(z) = z**3 - 15*z**2 + 5. Let d be p(15). Let u(b) = -b + 12. Let f(q) = d*u(q) + 8*k(q). What is f(c)?
8
Let x(p) = -19*p + 6. Let m(d) = -24*d + 30. Let k(t) = -4*m(t) + 4*x(t). What is k(4)?
-16
Let q(w) be the third derivative of w**5/30 + w**4/6 - 2*w**3/3 + 6307*w**2. Determine q(-3).
2
Let g(c) be the third derivative of -c**7/5040 + c**6/30 - c**5/30 - 17*c**3/6 + 80*c**2. Let s(t) be the third derivative of g(t). Determine s(16).
8
Let p be 4 + (2 + -6)/(-4). Suppose -5*g = -4*h - 3, 7*g - p*h = 3*g + 6. Let i(o) = o**3 - o**2 + 1. Give i(g).
-1
Let f(m) = 104 - 104 + 2*m**2 - m. Suppose 39332 = 14*z + 39360. Determine f(z).
10
Let c(j) = 114671*j**3 + 27 + 44*j**2 + j**2 - 114669*j**3 + 25*j. What is c(-22)?
-39
Let j(h) = 6*h**2 + 20857*h**3 - 8*h - 4*h - 10432*h**3 - 10426*h**3 + 7. Determine j(3).
-2
Let y(p) = 4*p**2 + 16*p - 20. Let m be y(-5). Suppose -5*n = -3*h - 24, n + 3*n - 12 = m. Let c(a) = -7*a + 1. Calculate c(h).
22
Let m(v) = 19*v**3 + 11*v**2 + 7*v + 75. Let r(s) = -6*s**3 - 2*s**2 + s. Let l(x) = -m(x) - 3*r(x). Give l(-6).
21
Let y(w) be the first derivative of 3*w**2/2 + 2*w + 3793. Suppose -3*c + 0 = -6. Give y(c).
8
Let w(c) = -c**2 + 19*c - 21. Let x = 4563 - 4545. Give w(x).
-3
Let v(b) be the first derivative of b - 9 + b + 25 + 38 + 2*b**2. Calculate v(2).
10
Let m(a) = -a**3 - a**2 + 1. Let n(k) = 6*k**3 + 7*k**2 - 2*k - 5. Let j = 46 - 47. Let h(g) = j*n(g) - 5*m(g). Calculate h(2).
-12
Let u(c) = 5*c**3 - 19505*c - 4*c**3 - 5 + 6*c**2 + 19497*c. Calculate u(-7).
2
Let o(w) = 3*w**3 - 12*w**2 - 4*w + 19. Let a(g) = -10*g**3 + 37*g**2 + 14*g - 58. Let k(d) = -2*a(d) - 7*o(d). Determine k(10).
-17
Suppose -3*i = i + 4. Let w be (-2)/(-4)*(-5 + 2 - -5). Let v(c) = -c + 1. Let k(u) = 7*u**2 - u. Let f(y) = w*k(y) - v(y). Give f(i).
6
Let q(o) be the first derivative of -o**3/3 - 6*o**2 - 37*o + 4996. Give q(-4).
-5
Let z = 21061 - 21058. Let x(i) be the second derivative of 3*i**2 + 46*i + 1/6*i**z + 0. What is x(-5)?
1
Let c(p) = -p**3 + 2*p**2 - 1. Suppose -3*u = -2 - 4. Suppose u*o - 3 - 5 = 0. Let j be (12/(-24))/((-2)/o). Give c(j).
0
Let t = 78 + -75. Let n(x) = 0 + 5*x + x**3 + x - 8*x - t*x**2 - 2. Give n(4).
6
Let v = 412 - 418. Let m(o) = -31*o**2 - 2*o - 9. Let i(d) = -17*d**2 - d - 4. Let p(h) = v*m(h) + 11*i(h). Determine p(0).
10
Let q(y) = -y**3 - 8*y**2 - 7*y - 10. Suppose -8*u + 0*u = 3688. Let p = 454 + u. Determine q(p).
-10
Let m(r) be the second derivative of -7/2*r**2 + 1/12*r**4 + 0 - 4*r + 5/6*r**3. Let w = 212 + -219. Calculate m(w).
7
Let z be ((-14)/(-56))/(-4*(-4)/384). Let u(a) = a**2 - 42*a + 214. What is u(z)?
-2
Let f(p) = -2*p - 1. Let x(r) = -2*r**3 + 11*r**2 + 38*r - 1. Let y be x(8). Let a = 19 + y. Calculate f(a).
-5
Let u(q) = -6 + 11 - 4*q - 2. Let y be u(2). Let d(i) be the second derivative of -i**3/6 - 5*i**2/2 + 4*i - 29. Determine d(y).
0
Let k(s) = -54*s - 106. Let m be k(-2). Suppose 3*t + 3*d - 11 = 7, -4*d = t - 21. Let h(b) = 5 + b**2 - 3 - 6*b + t. What is h(m)?
-5
Let p(t) = 103*t + 10. Let r(h) = -184*h - 21. Let n(o) = -7*p(o) - 4*r(o). Determine n(-2).
-16
Let l = 5015 + -5023. Let u(r) = r**2 + 7*r + 19. Give u(l).
27
Let y(q) = -q + 8. Let p be y(5). Let a(v) = 3*v + p*v + v + 10 - 4*v. Calculate a(-4).
-2
Let s(g) = -g - 2. Suppose -114*x = -111*x - 69. Suppose -30 = 28*c - x*c. What is s(c)?
4
Let v = 8 - 15. Suppose 18*m - 38 = -2. Let z(j) = -230*j**m - 2*j**3 + 9*j + 238*j**2 + 1 + 3*j**3. Give z(v).
-13
Let w(a) = 5*a**2 - 3*a + 15. Let y(r) = 13*r**2 - 8*r + 45. Let d(p) = 8*w(p) - 3*y(p). Let n(b) = b**2 - 15*b + 26. Let m be n(13). Determine d(m).
-15
Suppose -m = -5*u + 44, -u + 62*m + 6 = 59*m. Let w(k) = 3 - k + 9 + 0. Give w(u).
3
Let w(i) = 72*i - 145*i + 74*i + 0 - 1 - 53*i**2. Give w(-1).
-55
Let o(x) = 2*x**2 - 3*x - 3. Let l(h) = -14*h**3 + 209*h**2 + 22*h - 102. Let t be l(15). Give o(t).
6
Let w(d) be the first derivative of d**2/2 + 5*d - 1702. Let z(f) = 5*f - 1. Let o be z(1). What is w(o)?
9
Let x(f) = -571*f + 81. Let j be x(-8). Let a(z) = 4649 - 6*z - j. Give a(2).
-12
Suppose -7*g = 5*o + 77 - 42, 2*o + 15 = -3*g. Let i(x) = -13*x + 15. Determine i(g).
80
Let c be 1 + -4 - 2*-2. Suppose -j = 3*t - c, -20*j + 16*j = -4*t + 28. Let p(f) = -f**3 + 3*f**3 - f**3 + 4*f**2 - 6*f - 6. Determine p(j).
-1
Let t(x) be the first derivative of 0*x - 11/2*x**2 - 42 + 1/2*x**3 - 1/120*x**6 + 5/24*x**4 - 1/60*x**5. Let y(z) be the second derivative of t(z). Give y(-3).
6
Let a(d) = d - 2. Let b(u) = -u - 7. Let z be b(-13). Suppose 0 = 4*y + 3*g - 34, -z*g - 4 = -8*g. Calculate a(y).
5
Let b(q) be the third derivative of q**5/60 - q**4/6 + q**3 - 50*q**2 - 2*q. Let h = -11 + 19. What is b(h)?
38
Let h(y) = -4*y + 120. Let r = 196 + -165. Let k be h(r). Let l(g) = -4*g - 4. Determine l(k).
12
Let q(f) = -20*f**3 - 36*f**2 - 74*f - 169. Let o(x) = 11*x**3 + 18*x**2 + 39*x + 85. Let b(z) = 11*o(z) + 6*q(z). What is b(19)?
-3
Let b(r) = 3*r**2 + 13*r + 19. Let v(p) = -p**2 - p - 7. Let z(y) = b(y) + 4*v(y). Give z(2).
5
Let i(q) = -35*q + 212. Let p be i(6). Let l(y) = y**2 - 2*y**3 + 6 + y**3 - 8 - 11*y - 13*y**p. What is l(-11)?
-2
Let f(v) = -4*v**3 - v**2 + 2*v - 1. Let g(z) = z**2 + 13*z - 197. Let y be g(9). Calculate f(y).
-4
Let d(r) be the second derivative of